e prime factors of f.
2, 31, 223
Let y = 2832 - 2838. Let i(o) = -22*o + 1. Let r(k) = -11*k. Let u(b) = 6*i(b) - 10*r(b). List the prime factors of u(y).
2, 3, 23
Suppose -358 = -3*x - 5*v, 2*x + v - 248 = -0*v. Suppose 0 = -s + 2*r - 0*r + x, -3*r - 644 = -5*s. Let b = -79 + s. List the prime factors of b.
3, 17
Suppose -6*l + 20 = -2*l. Suppose -o - 3*f = o - l, 0 = 5*o - 4*f - 24. Suppose 130 = 5*g + 3*p + 2*p, -o*p - 175 = -5*g. What are the prime factors of g?
31
Suppose -4*i + 49147 = 5*d, 5*i - 65801 + 4366 = -5*d. What are the prime factors of i?
2, 3
Let v(b) be the second derivative of 7*b**3/2 - b**2 - 5*b. Let f be v(14). Let u = -206 + f. List the prime factors of u.
2, 43
Let d(b) = 8*b - 27. Let n(g) = -9*g + 28. Let a(x) = 3*d(x) + 2*n(x). Let q be a(4). List the prime factors of 4 - (4 + -51 + q).
2, 13
Suppose -4*u - 30565 = -3*h + 73554, 0 = h + 2*u - 34713. List the prime factors of h.
61, 569
Suppose 22*i - 27*i - 4*s = -18379, -i + 4*s = -3647. List the prime factors of i.
3671
Let h be ((-45)/36)/(((-21)/36)/7). Suppose -2*n + h = -5*n. List the prime factors of (50/(-15))/(n/(75/2)).
5
Let m(i) = 59*i**3 + 2*i**2 - 1. Let u be 1 + 1 + 4 + 7. Suppose 18 = 5*s + u. What are the prime factors of m(s)?
2, 3, 5
Let n = -144 - -180. Let i = 40 - n. Suppose 0*t + 5*z = -i*t + 838, 3*z = -t + 213. List the prime factors of t.
3, 23
Suppose -5*x + 16 = -4. Suppose -m - 12 = 4*o, 0 = x*m - 2*m + o + 3. What are the prime factors of (3 + m - -63) + -4?
2, 31
List the prime factors of 150045/2 + 2589/(-1726).
3, 17, 1471
Let j(u) be the second derivative of 16*u**3/3 + 7*u**2/2 - 70*u. List the prime factors of j(5).
167
Let i(h) = 1677*h + 33. Let r be 9/8 + (-5)/40. List the prime factors of i(r).
2, 3, 5, 19
Suppose 3*a - 21309 = -5*v, 3*a - 13*v = -8*v + 21249. What are the prime factors of a?
41, 173
Let o be (-2 + 14/(-8))/((-6)/(-408)). Let x = o + 974. List the prime factors of x.
719
Suppose 50026 = 2*y - 1356*u + 1362*u, 0 = -4*y + 4*u + 100148. What are the prime factors of y?
25031
Let t be (12/15)/((-6)/15). Let f be 2 + 2 - (-4)/t. List the prime factors of 10 + (f - (2 - 1)).
11
Suppose -2 = -y - 3*q, -1 = -3*y - 4*q + 5. Let n(j) = 1 + 16 - 9 + 54*j - 3. What are the prime factors of n(y)?
113
Suppose 114*p + 561916 = -43*p + 2057812. What are the prime factors of p?
2, 3, 397
Suppose -48*z - 136320 = -106*z + 42*z. List the prime factors of z.
2, 3, 5, 71
Suppose -13 - 67 = -20*t. Suppose t*h + 3*k + 1815 = 6722, 2*k + 4902 = 4*h. What are the prime factors of h?
2, 613
Let t be (-1)/4 - (-1)/4. What are the prime factors of 183 - t - (-3 + 7)?
179
List the prime factors of ((-2102)/8)/((-102)/13872).
2, 17, 1051
Suppose 1101511 - 355902 + 1253666 = 69*v. List the prime factors of v.
5, 19, 61
Suppose -25 = -5*p, -5*w + 72 + 18 = 4*p. Suppose -10*l = w*l - 12120. List the prime factors of l.
5, 101
Suppose -4*a - a = 4*a - 110961. List the prime factors of a.
12329
Suppose -6*o = 6*o - 2280. Let v = -17 + o. Suppose 2*w + v = 483. What are the prime factors of w?
5, 31
Suppose -7*k = -0*k - 2*k. Suppose -52*v + 74*v - 814 = k. What are the prime factors of v?
37
Let q be (-2)/(-2) + -1 + 4. Suppose -q*l = -l - 528. Suppose 7*d - l = -d. List the prime factors of d.
2, 11
Suppose 5*q = 3*g + 9*q - 69872, -4*g + 93096 = -3*q. List the prime factors of g.
2, 3, 5, 97
Suppose 14*b + 1503 = 17*b. Suppose 2*w - b = -w. List the prime factors of w.
167
Suppose 42*s - 44*s = -c - 5643, 3*c - 2818 = -s. List the prime factors of s.
7, 13, 31
Let u(y) = 12*y**2 + y + 2. Let f be ((-170)/68)/((-2)/(-16)). Let m = f - -16. What are the prime factors of u(m)?
2, 5, 19
Suppose -r + 315 = -f, -f + 5*r - 55 = 260. Let x = 872 + f. List the prime factors of x.
557
Suppose 11*v - 32 = 3*v. Suppose -4*s + 188 = 3*b, v*s - 102 = -5*b + 86. Suppose -s*o = -54*o + 448. What are the prime factors of o?
2
Suppose -26*m - 82952 = -1036762. List the prime factors of m.
5, 11, 23, 29
Suppose -5*z = -3*u - 344227, 2*z + 1160*u - 137716 = 1164*u. What are the prime factors of z?
2, 5, 1721
Suppose 0 = 3*z + 2*z + 5*c, 5*c = -15. Suppose -5*u = 3*i + 2774, -2*u = 2*u + z*i + 2218. Let t = -300 - u. List the prime factors of t.
2
Suppose 4*y - 152*y = -28*y - 4795320. What are the prime factors of y?
89, 449
Let v = 208 + -199. What are the prime factors of v + -1 + 3955/35?
11
Let b(d) = 7*d**3 - 3*d**2 - 7*d + 264. What are the prime factors of b(10)?
2, 3, 383
Let u be 2 + 20/24 + (-1)/(-6). Suppose -u*y + 3*b = 0, 4*y + 3*b + 6 = 41. Let f(q) = 15*q - 7. What are the prime factors of f(y)?
2, 17
Suppose 0 = 5*n - 8 - 52. Let h = 24 + n. Suppose 0*m + h = m. What are the prime factors of m?
2, 3
Let c(l) = -263*l + 4390. What are the prime factors of c(4)?
2, 1669
Suppose -3*z = 5*x - 61425, -4*x + 4*z + 10251 = -38889. What are the prime factors of x?
3, 5, 7, 13
Let i(s) = -19*s + 209. Suppose 8*v + 11*v = -209. What are the prime factors of i(v)?
2, 11, 19
Suppose -t = -4*t + 54. Let w be 876/14 + t/42. Suppose -a + 83 + w = 0. List the prime factors of a.
2, 73
Suppose 7*q = 2*q + 290. Suppose 5*d - q = 147. Suppose -14 = t - d. List the prime factors of t.
3
List the prime factors of -1 + (-5 - -5 - -37582).
3, 12527
Let t(d) = 121*d**3 + 2*d**2 - 199*d + 793. What are the prime factors of t(4)?
3, 2591
Let h(a) = a**2 - 25*a - 38. Let j be h(25). Let c(w) = w**3 + 39*w**2 + 26*w - 84. List the prime factors of c(j).
2, 3, 31
Suppose -2*j + 6*b = 7*b + 2, b - 4 = 0. What are the prime factors of 29040/36 - 11 - 1/j?
2, 199
Suppose 5*x - 2*b = -b - 6, -b = 2*x + 8. What are the prime factors of (-6)/(3/432*x)?
2, 3
Let z = 13306 - 6175. List the prime factors of z.
3, 2377
Let o(v) = -20*v + 5*v**2 + 11*v - v**2 - 19*v**3 - 2 + 13*v. What are the prime factors of o(-3)?
5, 107
Suppose -9*m + 11 + 232 = 0. Let t = -5 - -5. Suppose t = -21*f + m*f - 30. What are the prime factors of f?
5
Let p = 237 + -81. Let r = 313 - p. List the prime factors of r.
157
Let o(s) = 2*s**2 + 6*s - 12. Let n be o(-4). What are the prime factors of ((-5872)/4)/n*(0 - -1)?
367
Suppose -8*f - 633 = 1447. Let o = 1341 + f. What are the prime factors of o?
23, 47
Let u(v) = -6*v**2 + 53*v - 7. Suppose -x + 46 - 40 = 0. What are the prime factors of u(x)?
5, 19
Let b(z) = -8*z + 75. Let l be b(9). Let v(t) = 469*t + 28. List the prime factors of v(l).
5, 7, 41
Let i = -96 - -92. Let c be 218 - (9/12 + i/(-16)). Suppose -218 = -0*q - q - 3*z, q + 4*z - c = 0. List the prime factors of q.
13, 17
Let b = 53 - 51. Suppose -8 = b*v, 4*x - 79 = 4*v + 17. Suppose -x = 2*l - 120. What are the prime factors of l?
2, 5
Let h(g) be the first derivative of 7*g**4/4 - 2*g**3/3 + 2*g**2 - 14*g - 11. Let k be h(4). What are the prime factors of k/4 - 1 - 4/8?
103
What are the prime factors of (-272)/(-5032) - 4425897/(-111)?
3, 13291
Let m be -1 - -3 - 0/(-6). Suppose 3*v + 43 = 2*f, -17*v = m*f - 16*v - 23. List the prime factors of f.
2, 7
List the prime factors of 8/6*(-197295)/(-70)*(2 + -1).
2, 1879
Suppose 2*w + 3*m - 26 = -3, 4*m = 20. Suppose -w*c + 5 = g - 2*c, 0 = 5*g + 2*c - 17. What are the prime factors of g?
3
Suppose 0 = -2*v - 32 - 2. Let h = -25 - v. Let x = h - -42. What are the prime factors of x?
2, 17
List the prime factors of 21/(-147) - (-517164)/28.
2, 5, 1847
Let q(k) = 5*k**2 - 18*k - 27. Let p be q(10). Suppose 5*w - 1790 = 250. Suppose 3*z = 6*z + 4*l - p, w = 4*z + l. What are the prime factors of z?
103
Let k be 2/(-2) + 1 + (-32)/(-2). Suppose 4*j = 0, 3*j - k = -4*u - 0*u. Suppose -3*w - 12 + 258 = -3*s, u*w + s - 353 = 0. List the prime factors of w.
3, 29
What are the prime factors of (8 + -7 - 63)/((-4)/514)?
31, 257
What are the prime factors of 202*16/(384/1068)?
89, 101
Suppose 13*w - 225 = 126. Let l be 5/70*2 + w/7. Suppose -f + 73 = 2*o - o, -l*f = o - 70. What are the prime factors of o?
2, 37
Let d(f) = 16*f - 45. Let h(q) = q. Let y(j) = -d(j) + 5*h(j). Let v be 11 + -15 + (-12)/1. List the prime factors of y(v).
13, 17
Let g(v) = 4*v**2 + 4*v + 19. Let w(u) = -u. Let a(s) = 2*g(s) + 6*w(s). What are the prime factors of a(6)?
2, 13
Suppose -468 = 2*x + 672. Let r = 946 + x. What are the prime factors of r?
2, 47
Let z(i) = 20*i*